alculate the highest common factor of w and 45.
9
Let y(c) = -2*c**3 - c**2 - 2 - 1 - 3*c**2 - 1. Let d be y(-3). What is the highest common divisor of d and 7?
7
Let h = -21 - -24. Suppose 2*t - 5*u + 10 = 0, -h*t - 4*u = -u - 27. Calculate the highest common divisor of t and 5.
5
Let x = -38 - -58. Let h = 110 - x. Suppose h = f + 4*f. Calculate the highest common divisor of 180 and f.
18
Let l be (2 - 2) + 0 + 29. Let d = -21 + l. Calculate the highest common factor of d and 64.
8
Suppose 3*c = -0 + 15. Let d = c - -5. What is the highest common factor of 80 and d?
10
Suppose -3*p = 4*d - 958, -2*d + p - 5*p + 484 = 0. What is the highest common divisor of 14 and d?
14
Let b = 150 - 66. Suppose 375 = 4*y - 5*r, -y + r + b = 3*r. What is the highest common factor of 10 and y?
10
Let z(s) = 10*s + 3. Let d be z(3). Suppose 3*n + 6*x - 42 = 3*x, 48 = 3*n + 5*x. What is the highest common factor of n and d?
11
Suppose -4*i + r = -2*r - 54, 3*i - 4*r - 37 = 0. Suppose 0*u + 3*u - i = 0. Let g be ((-30)/45)/((-4)/90). Calculate the greatest common divisor of u and g.
5
Let y = 36 - -11. Suppose -4*p = -4*l - p + y, 0 = -5*l - 4*p + 20. Calculate the greatest common divisor of l and 8.
8
Let r(f) = f**3 - 19*f**2 + f - 13. Let b be r(19). Calculate the highest common factor of b and 4.
2
Suppose -2*w - 5 = -3. Let s be w/2 - 21/(-6). Calculate the greatest common divisor of 33 and s.
3
Suppose -3*k - k = 4. Let u be 3/3*(1 + k). Suppose u*t - 2*t + 30 = 0. Calculate the greatest common factor of t and 5.
5
Let s be (10/(-25))/(4/(-10)). Suppose 3*i = s + 5. Suppose -i*n = -3*g + 62, -g - 9 + 47 = -5*n. Calculate the highest common factor of 18 and g.
18
Let j = 11 + -7. Suppose -175 = -j*x + 25. What is the greatest common factor of 10 and x?
10
Suppose 40 = 2*d + 3*d. What is the highest common divisor of d and 12?
4
Let d be 3*12*2/3. Suppose 1 = 5*c + 5*a - d, 35 = 5*c - 5*a. Suppose c*s - 15 = s. Calculate the greatest common divisor of 9 and s.
3
Suppose -3 = -4*r + 25. What is the highest common factor of 63 and r?
7
Suppose i = 2*w + 105, 5*i - w - 501 = w. Suppose -2*n + 0*n = -5*m - 18, 0 = -2*n + 2*m + 18. What is the greatest common divisor of n and i?
9
Suppose 4 = -d, 0 = -5*o - d + 100 - 29. Let a = 26 - o. What is the greatest common divisor of a and 1?
1
Suppose -2*t + 4 = 14. Let q = t + 14. Calculate the highest common factor of q and 63.
9
Suppose 50 + 110 = 4*c. Suppose 0*g + 2*u + 7 = 3*g, -5*g - u = -29. What is the highest common divisor of c and g?
5
Let z = 11 - 8. Suppose 2*p + 7 = z*p. Suppose -3*t + 20 = -p. Calculate the highest common divisor of 27 and t.
9
Let t be 598/10 - (-7)/35. What is the greatest common factor of t and 24?
12
Let u = 12 - 6. Calculate the highest common divisor of 30 and u.
6
Let z(x) = 2*x**2 + 0*x**2 + 5*x + 0*x - 7. Let u be z(-7). Suppose -3*p - 1 = 5, 3*t = -p + 40. What is the highest common divisor of t and u?
14
Let v(k) = -5*k + 11. Let o be v(-13). Calculate the highest common divisor of o and 114.
38
Let m be 12/(-28) - 468/(-14). Calculate the highest common divisor of 22 and m.
11
Let u(w) = 2*w**3 - w**2 + 2*w + 2. Let b be u(-2). Let n be (-1)/((-4)/b)*-2. Let p be (-2)/((-6)/231*1). Calculate the greatest common factor of p and n.
11
Let x(c) = -c**3 - 3*c**2 + 6*c + 1. Let h be x(-6). Suppose 35 + h = 3*d. Calculate the greatest common divisor of d and 24.
12
Let b(x) = x**3 - 3*x**2 - 2*x - 4. Let l be b(4). Calculate the highest common divisor of 20 and l.
4
Let a be 1 + 0 - (67 + -4). Let i = -7 - a. Suppose i + 121 = 2*m. Calculate the highest common factor of 11 and m.
11
Let h be (-76)/(-3) + (-2)/6. Let u = 47 - h. What is the greatest common divisor of 55 and u?
11
Let s(f) = f**2 + f + 15. Let b be s(0). Let h = -4 + b. What is the highest common factor of h and 22?
11
Let f(y) = 4*y + 7. Let g be f(5). Let j = g + -19. Let k be 4/(-22) + (-534)/(-33). What is the highest common divisor of j and k?
8
Suppose -4*g - 2*i - 10 = -3*i, 15 = -3*g - 3*i. Let f = g + 20. Calculate the highest common factor of 17 and f.
17
Let y(c) = c**3 - 2*c**2 - c - 1. Let j be y(2). Let i be 23 - -1 - (3 + j). Calculate the greatest common factor of 6 and i.
6
Let r be 2/3 + 11/(-3). Let b be (-15)/(0 + r) - -2. Let g = b - -5. Calculate the highest common divisor of 48 and g.
12
Let z(p) = p**2 + 4*p + 2. Let l(h) = -h**2 + 3. Let q be l(-3). Let n be z(q). Calculate the highest common factor of 14 and n.
14
Suppose 6*u - 70 = 8. Let s(d) = -2*d**2 + 2*d + 5. Let w(j) = -j**2. Let l(i) = -s(i) - w(i). Let f be l(6). Calculate the highest common factor of u and f.
13
Suppose 0 = p - 5 - 3. Suppose -4*c - 8 = -5*z, 0 = -3*c + z + 5 - 0. Let i be (24*-1)/(c/(-9)). What is the greatest common factor of p and i?
8
Suppose 0 = 5*v - 20 - 40. Let f = 102 - 42. Calculate the greatest common divisor of v and f.
12
Let r(t) = -t**2 + 8*t + 10. Let f be r(8). Suppose -37 = -3*m + 4*x, -m + 2*x + 4 = -5. Let k = m - f. What is the highest common divisor of k and 3?
3
Let b = -60 + 84. Calculate the highest common factor of b and 6.
6
Suppose 2*m = 152 + 424. Let y = -141 + m. Calculate the highest common factor of y and 21.
21
Let y be (1/(-3))/((-16)/96). Suppose 3*z - 35 = y*z. What is the highest common divisor of 7 and z?
7
Let v be 1*(-3)/(18/(-84)). Suppose 2*g + t - 46 = 0, -5*t + 16 = -t. Calculate the highest common divisor of g and v.
7
Let i be 10/(-3)*(3 - 9). Let g(t) = 0*t + 21*t**2 - t + 20*t**2. Let r be g(1). What is the greatest common factor of i and r?
20
Suppose 2*g + 5 = 3*g. Let u = -4 + 6. Calculate the highest common divisor of g and u.
1
Let i = -4 + 7. Suppose 23 = 3*w - 4*t - 132, 5*w - 2*t = 235. Suppose -4*q = -7*q + w. What is the greatest common divisor of i and q?
3
Suppose 4 = 3*t - 7*t. Let o be 9*t*(-2 + -2). Suppose -m + o = m. Calculate the highest common divisor of 6 and m.
6
Let b = 4 + -2. Suppose s - 3*o - 30 = 0, b*s + 45 = 6*s + 3*o. Suppose -5*y - 5*y + 1650 = 0. What is the highest common divisor of s and y?
15
Let s(b) = -2*b + 4. Let v be s(-5). What is the highest common factor of 56 and v?
14
Let b be (-8)/6*3750/(-20). Calculate the highest common factor of 100 and b.
50
Suppose -2*z - 2*p + 316 = 0, 5*z + 0*z + 3*p = 780. What is the highest common factor of z and 17?
17
Suppose i = 39 + 34. Suppose -4*o = 2*c - 270, 0 = o + 2*c - 7*c - i. What is the greatest common factor of 17 and o?
17
Suppose 2*a - a = 13. What is the highest common divisor of a and 78?
13
Let c(n) = -2*n**2 - n + 8. Let k be c(0). Let y be (6/3 + -2)/2. Suppose 0*w - w + 24 = y. What is the highest common factor of k and w?
8
Suppose 5*v - w = 175, -97 = -6*v + 4*v - 5*w. What is the highest common factor of 18 and v?
18
Let u(r) = 5*r**2 - 5. Let x be u(-4). What is the greatest common divisor of 50 and x?
25
Suppose -4*t = -18 + 2. Let y be 1/t + (-126)/(-8). Calculate the highest common factor of y and 112.
16
Let o be 2/(-4)*0/2. Suppose -296 - 104 = -4*g. Let q = g - o. Calculate the greatest common divisor of q and 40.
20
Let j be 40 + -2 + (1 - 3). What is the greatest common factor of 4 and j?
4
Let u(p) = 2*p**3 + 2*p**2 - 7*p + 5. Let g be u(2). What is the highest common factor of 3 and g?
3
Let x be (4/16*0)/(-2). Let l = 7 + x. Calculate the greatest common divisor of 49 and l.
7
Let u be (3/(-1))/((-1)/(-2)). Let q = u + 10. What is the highest common divisor of q and 4?
4
Let x(d) = -d**3 + 3*d**2 + 8*d + 4. Let h be x(-4). Calculate the highest common factor of h and 14.
14
Suppose 0 = -c + 3*s + 28, -s = -c - 3*s + 3. What is the highest common divisor of c and 143?
13
Let x be 12/(((-14)/3)/(-7)). Calculate the greatest common factor of 45 and x.
9
Suppose -4*a + 640 = 3*g, -2*a - 450 = 4*g - 6*g. Calculate the greatest common factor of 20 and g.
20
Let l be 288/9 + (2 - 2). What is the highest common factor of 8 and l?
8
Suppose 2*w - 99 = 133. Suppose j - w = -j. Let u = 41 + j. Calculate the greatest common divisor of u and 9.
9
Suppose 77 = 3*s + 2*s - 3*d, -2*s = -d - 31. Calculate the greatest common factor of s and 24.
8
Let f(w) = 20*w - 3*w + 0 - 2. Let n be f(2). What is the highest common divisor of n and 8?
8
Suppose n = -1, 0*n - n - 487 =